0 = -38*w + 42*w + 8. Let g(j) = 524*j**2 - 12*j - 19. Is g(w) prime?
False
Let t(g) = 153*g**3 - 311*g**3 - 1 - 2*g**2 + 153*g**3 - 15*g. Is t(-5) a prime number?
False
Suppose -3943 = -g + 2*d, 7*d - 4*d = -2*g + 7879. Suppose -8*f + 107 = -g. Let k = -213 + f. Is k a prime number?
True
Let n be ((0/5)/(-2))/(-1). Suppose 0 = 3*t - 5*v - 3, 3*v - 7 = 4*t - n*t. Let r(m) = 249*m**2 + 2*m + 15. Is r(t) composite?
True
Suppose 4*m + 30877 = 3*g, -331*g + 335*g - 3*m - 41167 = 0. Is g prime?
False
Is 165/(-110)*3/3*-326614 a composite number?
True
Let i(v) = -64*v - 2. Let k = -43 + 43. Suppose k = 11*f + 2*f + 52. Is i(f) a composite number?
True
Let f(q) = 212*q + 11. Let k be f(13). Suppose -4173 - k = -4*d. Suppose -1388 = -4*c + 3*i, -d = -5*c - 4*i - 0*i. Is c prime?
True
Let i(c) = 10*c**2 + 9*c + 19. Let n(b) = b - 1. Let a be n(4). Suppose a*u = 3*o + 27, 2*u - o - 3*o = 16. Is i(u) prime?
True
Let s be 12/((-5)/(-45380)*12). Let m = -2289 + s. Is m a composite number?
True
Let r = 31 - 69. Let m = 39 + r. Is (-1)/(2/(-14))*(58 + m) prime?
False
Let z(k) = -19*k**3 - 30*k**2 + 5*k - 111. Is z(-16) prime?
False
Let t be (286/(-55))/(3/(-8835)). Suppose -h + t = 5*y, 6*y - 4*y - 6144 = -5*h. Is y prime?
False
Let c(b) be the first derivative of 46*b**3 - 15*b**2 + 11*b + 101. Is c(-9) prime?
False
Suppose 56*p + c + 61569 = 59*p, 82092 = 4*p - 5*c. Is p prime?
False
Let v(i) = 352*i - 6201. Is v(86) a prime number?
True
Suppose -177*r = -176*r - 3*j - 268491, -8 = -2*j. Is r composite?
True
Let w = 105404 + -64835. Is w prime?
False
Let j(m) = -171*m - 35. Let x be j(-7). Suppose 12 = -3*o + 7*o. Suppose f = -2*f - l + 1132, 0 = -o*f + 5*l + x. Is f a prime number?
True
Let j = 59335 - 39362. Let t = 38476 - j. Is t composite?
False
Let d(h) = h**3 + 3*h + 2. Let k(m) = m**3 + 3*m**2 + 3*m + 9. Let q be k(-3). Let b be d(q). Suppose -b*a + 7*a - 16255 = 0. Is a prime?
True
Let j = -53 - -96. Suppose -37*p = -j*p + 55830. Is p composite?
True
Suppose -g = -2*t - 2, -4*g + 6*g + 5*t = -23. Let y be (-6)/(-9)*(g + 10). Is 476 - ((-8 - (0 - y)) + 1) prime?
True
Let o(t) = -451*t**3 + 3*t. Let w be o(-3). Suppose 0 = -7*h - 1087 + w. Is h a composite number?
False
Let j(x) = -78*x + 29. Let g(c) = -2*c**3 - 4*c**2 - c + 3. Let l be g(-2). Suppose 3*z + z + 4*v + 60 = 0, l*z + 35 = 5*v. Is j(z) a composite number?
False
Let c = -23 + 26. Suppose -5*f = -3*o - 580, -c*o = 2*f - 5*o - 236. Suppose -3*q + 178 = -f. Is q a composite number?
False
Suppose -3*a = 3*f - 1446, 4*f + 1928 = 4*a + 3*f. Let c = 949 - a. Suppose -r + 156 = 2*y - 157, 0 = -3*y - 2*r + c. Is y prime?
False
Let n = -51 - -43. Let d(g) = g**2 + 7*g - 2. Let l be d(n). Suppose l*j - 6275 = j. Is j a composite number?
True
Let d be 2/(-8) + (-354)/(-8). Suppose d = t + 41. Suppose 4*v - 3097 = 3*q + 4490, -t*v + 5674 = q. Is v a prime number?
False
Suppose -3*l = 4*c - 1642, -l - c - 552 = -2*l. Let r = 153 + -410. Let x = r + l. Is x a prime number?
True
Let n(m) = -12*m - 16. Let i be n(-3). Suppose a = j - 13, 2*a = -5*j + i + 59. Let h(y) = 468*y - 25. Is h(j) a composite number?
True
Let b = 109 - 102. Suppose -2*h - n = -b*h + 1508, 2*n + 1506 = 5*h. Let g = 493 - h. Is g prime?
True
Suppose -5*r = 5*a - 538120, -10*a + 8 = -14*a. Is r prime?
False
Let g(i) = 7650*i**2 + 67*i - 168. Is g(5) a composite number?
True
Let i = 1602 + -247. Is i a prime number?
False
Let d(q) = 145197*q + 19. Is d(4) composite?
False
Is (17606775/55 - -18) + 93/33 + -3 composite?
False
Let w be (-26)/(-13) + 33*1. Suppose w*c = 32*c + 24. Suppose -5*q = c*q - 6682. Is q prime?
False
Suppose o = -3*t + 2*o - 7814, 3*o + 13000 = -5*t. Let n = 208 - t. Is n a prime number?
False
Let j(a) be the first derivative of -3721*a**3/6 - a**2 - 9*a - 18. Let g(d) be the first derivative of j(d). Is g(-1) composite?
False
Suppose -5*b + 3 = -4*x - 7, -5*x = 3*b + 31. Is 2351 + (11/((-33)/6) - b) a composite number?
False
Suppose -v - 5 = 2*z, 4*v = -3*z + 2*z - 20. Suppose 0 = w - k - 5587, z = k + 1 - 5. Is w a composite number?
False
Let p(s) = -1335*s**2 - 2*s - 9. Let h be p(2). Let v = -3720 - h. Is v a composite number?
True
Suppose h - 73581 = 2*k, -36*h + 37*h - 73587 = -4*k. Is h a prime number?
True
Suppose 11*u - 73 = -18. Let v(c) = -c + 2. Let o be v(u). Is ((0/o)/(-3))/(-2) + 485 composite?
True
Suppose -2*q = 4, 3*j + q - 30 = -5. Suppose 2*b - 14 = 14. Suppose -3265 = -b*y + j*y. Is y composite?
False
Let y = -11 - -18. Suppose 0 = 2*q - 3*i + y, -i + 2 + 15 = 3*q. Suppose 0*r + 4*r + 3*g - 1139 = 0, 4*r - q*g = 1160. Is r prime?
False
Let n(t) = 10*t + t**3 - 41*t**2 + 9 - 4 + 29*t**2. Let v be n(12). Let k = v - -134. Is k a prime number?
False
Suppose w = -3*p + 3, -6*p + w = -2*p - 4. Let l be 1 - (1 - p) - 1. Suppose l = 4*g + 4*b - 5148, -5*b = -5*g + 5110 + 1285. Is g a composite number?
False
Suppose -3*o + o = -n + 83, 3*o = -3*n + 267. Suppose n = -y + 361. Is y prime?
False
Suppose -42305 = -5*x + 110*d - 114*d, 3*d + 16922 = 2*x. Is x composite?
False
Suppose -2*a + 1056 = 4*s + 2*a, 5*a = -s + 272. Is s/(((-4)/10)/(-1)) prime?
False
Let l be -562*(-5 + -1)*1. Suppose -2505 = -3*q + 3*f, -6*q - l = -10*q - 4*f. Is q composite?
False
Let v = 4066 - 9346. Let t = -1679 - v. Is t composite?
True
Let i(o) = 73*o**2 - 16*o - 27. Let r be i(-9). Let p = r - -2389. Is p prime?
True
Let r be ((-2)/9)/(1/(-9)). Let w be 10*(-4 - (0 + r)). Let z = w + 205. Is z a composite number?
True
Let m be (-43)/2*(-240)/15. Let t = 57 + m. Is t a composite number?
False
Suppose -50*h - 7137 = 6913. Let c = h + 1432. Is c prime?
True
Let o be 1/((-2)/(-8)) + 210/6. Suppose 97 = i + o. Is (-46 - 1)/((-29)/i) composite?
True
Let y = 19 - 23. Let d be (y/18)/(1/3)*-6. Suppose -5*k + 4*t = 3*t - 6720, -2*k + d*t + 2670 = 0. Is k composite?
True
Let w be (229 - 2) + (-15)/(-3). Suppose 3*z + j = 388, -5*j + 44 = 2*z - w. Suppose -z*r = -123*r - 26905. Is r a composite number?
False
Suppose -3*q + 16 = q, 2*d - 3*q = 20042. Let h = d + -3960. Is h a composite number?
False
Suppose -3*k + 26 = -2*u + u, -3*k + 34 = -5*u. Suppose -3932 = -k*o + 4*o. Is o prime?
True
Suppose n = -10*l + 12*l - 469881, -234944 = -l - 3*n. Is l prime?
False
Let d = 508 + -500. Let f(n) = 75*n + 33. Is f(d) a prime number?
False
Let j be (73/2)/((-6)/(-10644)). Suppose 4*r - 61405 - j = 0. Is r prime?
False
Let n(p) be the third derivative of -23*p**4/12 + 101*p**3/6 - 24*p**2. Is n(-21) prime?
False
Let c be -3 - (-4 + (-3)/(-1)). Let u be 1 + 8/c - (7 - 22). Is (-4983)/(-4) - (-15)/u a prime number?
False
Suppose -4*p = 12, -4*k + 5*p + 1135 = -54324. Is k a prime number?
False
Let n be (-26 - -32)/((-1)/4*3). Is (-97832)/n - -8 - 2 composite?
True
Let c(a) = -2887*a**3 - 16*a**2 + 10*a + 33. Is c(-8) a prime number?
False
Suppose -438829 + 130810 = -3*m + b, -m + 5*b = -102673. Is m prime?
True
Suppose 4*z - 14 = -2*r, 0*z = -z + 3*r. Suppose -m = z*y - 1137, 2*y = 4*y - 5*m - 758. Is y composite?
False
Suppose 279*n - 15815958 + 8537249 - 31302248 = 0. Is n prime?
True
Suppose 2*b = -12*b + 28. Suppose a = p - b*a - 2500, -5*a + 5011 = 2*p. Is p prime?
True
Suppose 0 = 6*j + 15 - 39. Suppose -793 = 23*b - 24*b + 2*s, 4*s + j = 0. Is b composite?
True
Suppose 184 + 86 = 9*a. Is 270716/24 + (-25)/a a composite number?
False
Let i(g) = -42*g**2 + 3*g + 10 + 64*g**2 + 118*g**2 + 4*g + 13. Is i(-6) a composite number?
False
Suppose -10*j + 20*j = -300. Is (326/4)/((j/(-28))/15) prime?
False
Let y(b) = -184*b**2 + 21*b - 9. Let r(v) = 275*v**2 - 32*v + 14. Let w(t) = 5*r(t) + 7*y(t). Is w(8) composite?
False
Let q = 11 - 1. Let a be q/15*(1841 + -2). Is (-30)/12*a/(-5) a prime number?
True
Suppose 12*r - 151577 = 30547. Suppose -r = -3*h + 15714. Is h a composite number?
True
Suppose -15*u + 4041931 - 1779120 = -2047004. Is u a prime number?
True
Let l be (11 - 7) + -14 - -22. Let m(v) = -4*v + 2*v**2 - 15*v - 11 - v. Is m(l) a composite number?
False
Suppose -6*m + 2*m + 16 = 0. Suppose 20 = -b - 4*b, 0 = -s + b + 123. Let f = s - m. Is f a prime number?
False
Suppose 12*u + 82352 = 16*u. Is 133/(-38)*u/(-14) composite?
False
Is 1925027/26*(-6)/(-3) prime?
True
Suppose 0*p + 4*p - 11 = -5*f, p = -4*f + 11. Let y(h) = -67*h**3